{"id":17,"date":"2017-08-28T07:21:26","date_gmt":"2017-08-28T05:21:26","guid":{"rendered":"http:\/\/www.kinderarztpraxis-dorfen.de\/?page_id=17"},"modified":"2024-10-15T22:03:46","modified_gmt":"2024-10-15T20:03:46","slug":"sprechstunde","status":"publish","type":"page","link":"https:\/\/www.kinderarztpraxis-dorfen.de\/?page_id=17","title":{"rendered":"Sprechstunde"},"content":{"rendered":"<div id='av-layout-grid-1'  class='av-layout-grid-container av-av_layout_row-9f0fe6a8d6ba1cd9c5a16826d741c412 entry-content-wrapper main_color av-flex-cells  avia-builder-el-0  avia-builder-el-no-sibling   container_wrap fullsize'  >\n\n<style type=\"text\/css\" data-created_by=\"avia_inline_auto\" id=\"style-css-av-av_cell_one_fifth-478e601141f777c114317b69b95234cf\">\n.flex_cell.av-av_cell_one_fifth-478e601141f777c114317b69b95234cf{\nvertical-align:top;\nheight:600px;\nmin-height:600px;\n}\n.responsive #top #wrap_all .flex_cell.av-av_cell_one_fifth-478e601141f777c114317b69b95234cf{\npadding:30px 30px 30px 30px !important;\n}\n<\/style>\n<div class='flex_cell av-av_cell_one_fifth-478e601141f777c114317b69b95234cf av-gridrow-cell av_one_fifth no_margin  avia-builder-el-1  el_before_av_cell_three_fifth  avia-builder-el-first  content-align-top'  ><div class='flex_cell_inner'><p>\n<style type=\"text\/css\" data-created_by=\"avia_inline_auto\" id=\"style-css-av-av_one_full-15d750bd1b332b34c6e70b077ebbccdf\">\n.flex_column.av-av_one_full-15d750bd1b332b34c6e70b077ebbccdf{\nborder-radius:0px 0px 0px 0px;\npadding:0px 0px 0px 0px;\n}\n<\/style>\n<div  class='flex_column av-av_one_full-15d750bd1b332b34c6e70b077ebbccdf av_one_full  avia-builder-el-2  el_before_av_textblock  avia-builder-el-first  first flex_column_div av-zero-column-padding  '     ><p>\n<style type=\"text\/css\" data-created_by=\"avia_inline_auto\" id=\"style-css-av-av_image-90a1f9fb2533d16e1497eaeec0dc9eea\">\n.avia-image-container.av-av_image-90a1f9fb2533d16e1497eaeec0dc9eea img.avia_image{\nbox-shadow:none;\n}\n.avia-image-container.av-av_image-90a1f9fb2533d16e1497eaeec0dc9eea .av-image-caption-overlay-center{\ncolor:#ffffff;\n}\n<\/style>\n<div  class='avia-image-container av-av_image-90a1f9fb2533d16e1497eaeec0dc9eea av-styling- avia-align-center  avia-builder-el-3  el_before_av_image  avia-builder-el-first '   itemprop=\"image\" itemscope=\"itemscope\" itemtype=\"https:\/\/schema.org\/ImageObject\" ><div class=\"avia-image-container-inner\"><div class=\"avia-image-overlay-wrap\"><img decoding=\"async\" fetchpriority=\"high\" class='wp-image-128 avia-img-lazy-loading-not-128 avia_image ' src=\"https:\/\/www.kinderarztpraxis-dorfen.de\/wp-content\/uploads\/2017\/08\/1-7.jpg\" alt='' title='1'  height=\"410\" width=\"428\"  itemprop=\"thumbnailUrl\" srcset=\"https:\/\/www.kinderarztpraxis-dorfen.de\/wp-content\/uploads\/2017\/08\/1-7.jpg 428w, https:\/\/www.kinderarztpraxis-dorfen.de\/wp-content\/uploads\/2017\/08\/1-7-300x287.jpg 300w\" sizes=\"(max-width: 428px) 100vw, 428px\" \/><\/div><\/div><\/div><br \/>\n\n<style type=\"text\/css\" data-created_by=\"avia_inline_auto\" id=\"style-css-av-av_image-f6271e77f0e7d5064fedd83a990426b5\">\n.avia-image-container.av-av_image-f6271e77f0e7d5064fedd83a990426b5 img.avia_image{\nbox-shadow:none;\n}\n.avia-image-container.av-av_image-f6271e77f0e7d5064fedd83a990426b5 .av-image-caption-overlay-center{\ncolor:#ffffff;\n}\n<\/style>\n<div  class='avia-image-container av-av_image-f6271e77f0e7d5064fedd83a990426b5 av-styling- avia-align-left  avia-builder-el-4  el_after_av_image  avia-builder-el-last '   itemprop=\"image\" itemscope=\"itemscope\" itemtype=\"https:\/\/schema.org\/ImageObject\" ><div class=\"avia-image-container-inner\"><div class=\"avia-image-overlay-wrap\"><img decoding=\"async\" fetchpriority=\"high\" class='wp-image-565 avia-img-lazy-loading-not-565 avia_image ' src=\"https:\/\/www.kinderarztpraxis-dorfen.de\/wp-content\/uploads\/2017\/08\/bar_sprechstunde.png\" alt='' title='bar_sprechstunde'  height=\"36\" width=\"325\"  itemprop=\"thumbnailUrl\" srcset=\"https:\/\/www.kinderarztpraxis-dorfen.de\/wp-content\/uploads\/2017\/08\/bar_sprechstunde.png 325w, https:\/\/www.kinderarztpraxis-dorfen.de\/wp-content\/uploads\/2017\/08\/bar_sprechstunde-300x33.png 300w\" sizes=\"(max-width: 325px) 100vw, 325px\" \/><\/div><\/div><\/div><\/p><\/div><section  class='av_textblock_section av-av_textblock-2de302bf1aa3cf4c9157dbe6f50ac7eb '   itemscope=\"itemscope\" itemtype=\"https:\/\/schema.org\/CreativeWork\" ><div class='avia_textblock'  itemprop=\"text\" ><p><a style=\"position: relativ; z-index: 20000; top: 240px; right: 0; display: block; text-align: center; opacity: 0.85; background-color: #107aca; color: #ffffff; font-size: 14px; overflow: hidden; width: 100px; border-radius: 4px 0 0 4px; text-decoration: none; padding: 10px; line-height: 1.4;\" href=\"https:\/\/www.doctolib.de\/einzelpraxis\/dorfen\/kinderarztpraxis-dorfen-ina-albrich\/booking?utm_campaign=website-button&amp;utm_source=kinderarztpraxis-dorfen-ina-albrich\/booking-website-button&amp;utm_medium=referral&amp;utm_content=option-8&amp;utm_term=kinderarztpraxis-dorfen-ina-albrich\/booking\" target=\"_blank\" rel=\"noopener noreferrer\"><span style=\"font-size: 14px;\">Termin<br \/>\nonline buchen<\/span><img decoding=\"async\" style=\"height: 15px; margin-top: 10px; vertical-align: middle; width: auto;\" src=\"https:\/\/www.doctolib.de\/external_button\/doctolib-white-transparent.png\" alt=\"Doctolib\" \/><\/a><\/p>\n<\/div><\/section><\/p>\n<\/div><\/div>\n<style type=\"text\/css\" data-created_by=\"avia_inline_auto\" id=\"style-css-av-av_cell_three_fifth-a0e5eb3f726bfaa9200b14ae560c85e1\">\n.flex_cell.av-av_cell_three_fifth-a0e5eb3f726bfaa9200b14ae560c85e1{\nvertical-align:top;\nheight:600px;\nmin-height:600px;\n}\n.responsive #top #wrap_all .flex_cell.av-av_cell_three_fifth-a0e5eb3f726bfaa9200b14ae560c85e1{\npadding:30px 30px 30px 30px !important;\n}\n<\/style>\n<div class='flex_cell av-av_cell_three_fifth-a0e5eb3f726bfaa9200b14ae560c85e1 av-gridrow-cell av_three_fifth no_margin  avia-builder-el-6  el_after_av_cell_one_fifth  el_before_av_cell_one_fifth  content-align-top'  ><div class='flex_cell_inner'><div class='flex_column_table av-av_one_full-67adf0f1abfc2242a214758f2160949a sc-av_one_full av-equal-height-column-flextable'>\n<style type=\"text\/css\" data-created_by=\"avia_inline_auto\" id=\"style-css-av-av_one_full-67adf0f1abfc2242a214758f2160949a\">\n.flex_column.av-av_one_full-67adf0f1abfc2242a214758f2160949a{\nborder-radius:0px 0px 0px 0px;\npadding:0px 0px 0px 0px;\n}\n<\/style>\n<div  class='flex_column av-av_one_full-67adf0f1abfc2242a214758f2160949a av_one_full  avia-builder-el-7  avia-builder-el-no-sibling  first flex_column_table_cell av-equal-height-column av-align-top av-zero-column-padding  '     ><section  class='av_textblock_section av-av_textblock-2de302bf1aa3cf4c9157dbe6f50ac7eb '   itemscope=\"itemscope\" itemtype=\"https:\/\/schema.org\/CreativeWork\" ><div class='avia_textblock'  itemprop=\"text\" ><h1>Wir sind f\u00fcr Sie und Ihre Kinder da:<\/h1>\n<p><strong>MO<\/strong> bis <strong>FR<\/strong> <span style=\"color: #ff6600;\">8:00 &#8211; 12:00<\/span> Uhr<br \/>\n<strong>MO<\/strong> <b>und <\/b>\u00a0<strong>DO<\/strong> <span style=\"color: #ff6600;\">15:00 &#8211; 17:00<\/span> Uhr<br \/>\n<strong>FR<\/strong> <span style=\"color: #ff6600;\">8:00 &#8211; 13:00<\/span> Uhr<br \/>\nund nach Vereinbarung.<\/p>\n<p>Telefonische Sprechzeiten: MO bis FR von <span style=\"color: #ff6600;\">08:00 bis 11:00<\/span><\/p>\n<p>Bitte rufen Sie uns zwecks Terminvereinbarung unter folgenden Telefonnummer an: <strong>08081 \/ 23 19<\/strong>.<strong><br \/>\n<\/strong><\/p>\n<p>Termine f\u00fcr Vorsorgen und Impfungen k\u00f6nnen Sie auch online \u00fcber Doctolib buchen.<\/p>\n<p>Wir f\u00fchren eine Terminsprechstunde. Was dies bedeutet und wie sie uns helfen k\u00f6nnen die Wartezeit zu verk\u00fcrzen erfahren Sie auf dieser Seite.<\/p>\n<p>Um Ihnen und Ihren Kindern Wartezeiten zu ersparen f\u00fchren wir eine Terminsprechstunde und ber\u00fccksichtigen unterschiedliche Behandlungszeiten.<br \/>\nUnser Bestellsystem funktioniert jedoch nur, wenn Sie uns dabei helfen:<br \/>\n\u00b7 Bitte vereinbaren Sie f\u00fcr jeden Besuch einen Termin, auch kurzfristig.<br \/>\n\u00b7 Bitte teilen Sie uns telefonisch m\u00f6glichst fr\u00fchzeitig mit, wenn Sie zu einem vereinbarten Termin zus\u00e4tzlich noch Geschwisterkinder mitbringen und diese ebenfalls untersuchen lassen m\u00f6chten.<br \/>\n<strong>Sollten Sie mal einen Termin nicht wahrnehmen k\u00f6nnen, teilen Sie uns dieses bitte fr\u00fchzeitig mit!\u00a0<\/strong><\/p>\n<p>F\u00fcr\u00a0<strong>Akut- oder Notfallpatienten<\/strong>\u00a0halten wir selbstverst\u00e4ndlich t\u00e4glich \u201eAkuttermine\u201c frei. Wir bitten Sie jedoch auch in Notf\u00e4llen vorher kurz anzurufen, damit wir Ihnen den bestm\u00f6glichen Akuttermin mitteilen k\u00f6nnen.<\/p>\n<p>Bitte haben Sie jedoch Verst\u00e4ndnis, dass bei Akutvorstellungen nur auf die akuten Probleme und Beschwerden eingegangen werden kann.<\/p>\n<p>F\u00fcr seit l\u00e4ngerem bestehende Beschwerden Ihres Kindes oder Geschwisterkindes vereinbaren Sie bitte einen regul\u00e4ren Termin.<br \/>\nNat\u00fcrlich ist es unser Bestreben die Termine einzuhalten.<br \/>\nBitte haben Sie jedoch Verst\u00e4ndnis daf\u00fcr, dass uns dies vor allem in den Wintermonaten mit vielen Infekten nicht immer gelingt. Selbstverst\u00e4ndlich m\u00fcssen alle Akut- und Notf\u00e4lle versorgt werden.<br \/>\nDoch gerade auch in Akutsituationen, bitten wir Sie uns vorher kurz anzurufen.<\/p>\n<p>Auch bei gro\u00dfem Andrang liegt uns die Gesundheit Ihrer Kinder am Herzen und wir wollen nicht auf eine gr\u00fcndliche und gewissenhafte Untersuchung verzichten.<\/p>\n<p>F\u00fcr <strong>Vorsorgeuntersuchungen<\/strong> planen wir viel Zeit ein.<br \/>\nSollten Sie aus dringenden Gr\u00fcnden zu einem Vorsorgetermin nicht kommen k\u00f6nnen, sagen Sie diesen unbedingt ab.\u00a0 <strong>Nur dann k\u00f6nnen wir einen Ersatztermin anbieten<\/strong>!<br \/>\nFalls es sich um einen zweigeteilten Vorsorgetermin handelt, verf\u00e4llt der zweite Termin, falls der erste Termin nicht wahrgenommen wird oder rechtzeitig abgesagt wurde.<\/p>\n<p><strong>Vielen Dank f\u00fcr Ihr Verst\u00e4ndnis und Ihre Mitarbeit!<\/strong><\/p>\n<\/div><\/section><\/div><\/div><!--close column table wrapper. Autoclose: 1 -->\n<\/div><\/div>\n<style type=\"text\/css\" data-created_by=\"avia_inline_auto\" id=\"style-css-av-av_cell_one_fifth-054d9ed4f11cc1bbadc3e2cc00e4107b\">\n.flex_cell.av-av_cell_one_fifth-054d9ed4f11cc1bbadc3e2cc00e4107b{\nvertical-align:top;\nheight:600px;\nmin-height:600px;\n}\n.responsive #top #wrap_all .flex_cell.av-av_cell_one_fifth-054d9ed4f11cc1bbadc3e2cc00e4107b{\npadding:30px 30px 30px 30px !important;\n}\n<\/style>\n<div class='flex_cell av-av_cell_one_fifth-054d9ed4f11cc1bbadc3e2cc00e4107b av-gridrow-cell av_one_fifth no_margin av-hide-on-mobile  avia-builder-el-9  el_after_av_cell_three_fifth  avia-builder-el-last  content-align-top'  ><div class='flex_cell_inner'><p>\n<style type=\"text\/css\" data-created_by=\"avia_inline_auto\" id=\"style-css-av-av_one_full-15d750bd1b332b34c6e70b077ebbccdf\">\n.flex_column.av-av_one_full-15d750bd1b332b34c6e70b077ebbccdf{\nborder-radius:0px 0px 0px 0px;\npadding:0px 0px 0px 0px;\n}\n<\/style>\n<div  class='flex_column av-av_one_full-15d750bd1b332b34c6e70b077ebbccdf av_one_full  avia-builder-el-10  el_before_av_one_full  avia-builder-el-first  first flex_column_div av-zero-column-padding  '     ><div  class='avia-builder-widget-area clearfix  avia-builder-el-11  avia-builder-el-no-sibling '><section id=\"media_image-2\" class=\"widget clearfix widget_media_image\"><img loading=\"lazy\" decoding=\"async\" width=\"200\" height=\"148\" src=\"https:\/\/www.kinderarztpraxis-dorfen.de\/wp-content\/uploads\/2017\/08\/logo_side3.png\" class=\"image wp-image-375  attachment-full size-full\" alt=\"\" style=\"max-width: 100%; height: auto;\" \/><span class=\"seperator extralight-border\"><\/span><\/section><\/div><\/div>\n<style type=\"text\/css\" data-created_by=\"avia_inline_auto\" id=\"style-css-av-av_one_full-339b27220bcf2175845c2ddffb9fddd3\">\n#top .flex_column.av-av_one_full-339b27220bcf2175845c2ddffb9fddd3{\nmargin-top:0px;\nmargin-bottom:0px;\n}\n.flex_column.av-av_one_full-339b27220bcf2175845c2ddffb9fddd3{\nborder-radius:0px 0px 0px 0px;\npadding:0px 0px 0px 0px;\nbackground:url(https:\/\/www.kinderarztpraxis-dorfen.de\/wp-content\/uploads\/2017\/08\/menu-side_neu6.png) 0% 0% no-repeat scroll ;\n}\n.responsive #top #wrap_all .flex_column.av-av_one_full-339b27220bcf2175845c2ddffb9fddd3{\nmargin-top:0px;\nmargin-bottom:0px;\n}\n<\/style>\n<div  class='flex_column av-av_one_full-339b27220bcf2175845c2ddffb9fddd3 av_one_full  avia-builder-el-12  el_after_av_one_full  avia-builder-el-last  first flex_column_div av-zero-column-padding  column-top-margin'     ><p>\n<style type=\"text\/css\" data-created_by=\"avia_inline_auto\" id=\"style-css-av-av_hr-4474f20d2389e2e5ecf918a02da5132e\">\n#top .hr.hr-invisible.av-av_hr-4474f20d2389e2e5ecf918a02da5132e{\nheight:50px;\n}\n<\/style>\n<div  class='hr av-av_hr-4474f20d2389e2e5ecf918a02da5132e hr-invisible  avia-builder-el-13  el_before_av_sidebar  avia-builder-el-first '><span class='hr-inner '><span class=\"hr-inner-style\"><\/span><\/span><\/div><br \/>\n<div  class='avia-builder-widget-area clearfix  avia-builder-el-14  el_after_av_hr  el_before_av_hr '><section id=\"nav_menu-2\" class=\"widget clearfix widget_nav_menu\"><div class=\"menu-footer-container\"><ul id=\"menu-footer\" class=\"menu\"><li id=\"menu-item-926\" class=\"menu-item menu-item-type-post_type menu-item-object-page menu-item-926\"><a href=\"https:\/\/www.kinderarztpraxis-dorfen.de\/?page_id=25\">Info<\/a><\/li>\n<\/ul><\/div><span class=\"seperator extralight-border\"><\/span><\/section><\/div><br \/>\n\n<style type=\"text\/css\" data-created_by=\"avia_inline_auto\" id=\"style-css-av-av_hr-65b06904afd06ec0b732893ce6e4b030\">\n#top .hr.hr-invisible.av-av_hr-65b06904afd06ec0b732893ce6e4b030{\nheight:200px;\n}\n<\/style>\n<div  class='hr av-av_hr-65b06904afd06ec0b732893ce6e4b030 hr-invisible  avia-builder-el-15  el_after_av_sidebar  avia-builder-el-last '><span class='hr-inner '><span class=\"hr-inner-style\"><\/span><\/span><\/div><\/p><\/div><\/p>\n<\/div><\/div><\/div>\n","protected":false},"excerpt":{"rendered":"","protected":false},"author":2,"featured_media":0,"parent":0,"menu_order":0,"comment_status":"closed","ping_status":"closed","template":"","meta":{"footnotes":""},"class_list":["post-17","page","type-page","status-publish","hentry"],"_links":{"self":[{"href":"https:\/\/www.kinderarztpraxis-dorfen.de\/index.php?rest_route=\/wp\/v2\/pages\/17","targetHints":{"allow":["GET"]}}],"collection":[{"href":"https:\/\/www.kinderarztpraxis-dorfen.de\/index.php?rest_route=\/wp\/v2\/pages"}],"about":[{"href":"https:\/\/www.kinderarztpraxis-dorfen.de\/index.php?rest_route=\/wp\/v2\/types\/page"}],"author":[{"embeddable":true,"href":"https:\/\/www.kinderarztpraxis-dorfen.de\/index.php?rest_route=\/wp\/v2\/users\/2"}],"replies":[{"embeddable":true,"href":"https:\/\/www.kinderarztpraxis-dorfen.de\/index.php?rest_route=%2Fwp%2Fv2%2Fcomments&post=17"}],"version-history":[{"count":22,"href":"https:\/\/www.kinderarztpraxis-dorfen.de\/index.php?rest_route=\/wp\/v2\/pages\/17\/revisions"}],"predecessor-version":[{"id":1241,"href":"https:\/\/www.kinderarztpraxis-dorfen.de\/index.php?rest_route=\/wp\/v2\/pages\/17\/revisions\/1241"}],"wp:attachment":[{"href":"https:\/\/www.kinderarztpraxis-dorfen.de\/index.php?rest_route=%2Fwp%2Fv2%2Fmedia&parent=17"}],"curies":[{"name":"wp","href":"https:\/\/api.w.org\/{rel}","templated":true}]}}